d 240?
16
Calculate the highest common factor of 48 and 108.
12
Calculate the greatest common factor of 46 and 759.
23
Calculate the highest common divisor of 180 and 160.
20
Calculate the highest common factor of 24 and 93.
3
Calculate the greatest common factor of 26 and 793.
13
What is the highest common divisor of 42547 and 157?
157
What is the greatest common divisor of 440 and 20?
20
What is the greatest common divisor of 600 and 24?
24
What is the highest common divisor of 49756 and 28?
28
What is the greatest common factor of 160 and 128?
32
Calculate the greatest common factor of 75 and 5955.
15
Calculate the highest common factor of 270 and 210.
30
Calculate the highest common factor of 786 and 6.
6
What is the greatest common factor of 21 and 7476?
21
Calculate the greatest common factor of 10 and 58690.
10
Calculate the highest common factor of 34 and 15674.
34
What is the greatest common factor of 90 and 60?
30
What is the greatest common factor of 125 and 10?
5
Calculate the greatest common factor of 26 and 6656.
26
Calculate the highest common divisor of 49 and 539.
49
What is the highest common factor of 368 and 1242?
46
What is the highest common factor of 38 and 57?
19
What is the greatest common factor of 27 and 1539?
27
What is the greatest common divisor of 51 and 357?
51
What is the greatest common factor of 72 and 752?
8
Calculate the greatest common factor of 247 and 26.
13
Calculate the highest common factor of 391 and 153.
17
What is the highest common factor of 57 and 7885?
19
What is the highest common factor of 362 and 1991?
181
Calculate the greatest common divisor of 3686 and 776.
194
Calculate the highest common factor of 560 and 48.
16
What is the highest common divisor of 3840 and 15?
15
What is the highest common factor of 3970 and 20?
10
What is the greatest common factor of 2892 and 60?
12
Calculate the greatest common factor of 282 and 6.
6
Calculate the greatest common divisor of 40 and 1280.
40
Calculate the highest common divisor of 15250 and 10.
10
Calculate the highest common divisor of 13 and 3.
1
Calculate the greatest common factor of 950 and 275.
25
Calculate the highest common factor of 60 and 900.
60
What is the greatest common divisor of 109 and 14824?
109
Calculate the highest common factor of 1 and 101.
1
Calculate the highest common divisor of 27 and 90.
9
What is the greatest common divisor of 280 and 35?
35
What is the greatest common factor of 782 and 272?
34
Calculate the greatest common factor of 184 and 1242.
46
What is the greatest common divisor of 14004 and 4?
4
Calculate the highest common divisor of 88 and 8.
8
Calculate the greatest common divisor of 177 and 295.
59
Calculate the greatest common divisor of 150 and 575.
25
What is the highest common factor of 8 and 74?
2
Calculate the greatest common divisor of 364 and 26.
26
Calculate the greatest common factor of 15 and 1137.
3
Calculate the highest common divisor of 935 and 3179.
187
What is the greatest common factor of 6 and 1128?
6
Calculate the highest common factor of 308 and 364.
28
What is the highest common factor of 124 and 3658?
62
Calculate the highest common divisor of 137 and 1.
1
Calculate the highest common factor of 8 and 88.
8
What is the greatest common divisor of 6468 and 98?
98
What is the highest common factor of 12 and 2084?
4
What is the greatest common divisor of 266 and 7049?
133
What is the greatest common divisor of 1029 and 294?
147
Calculate the highest common divisor of 430 and 258.
86
What is the greatest common factor of 54 and 243?
27
Calculate the highest common divisor of 152 and 8.
8
What is the greatest common factor of 75 and 390?
15
What is the greatest common factor of 657 and 73?
73
What is the highest common factor of 45 and 333?
9
Calculate the greatest common divisor of 450 and 100.
50
What is the greatest common factor of 63 and 147?
21
Calculate the highest common factor of 7 and 1092.
7
What is the highest common factor of 80 and 128?
16
Calculate the greatest common divisor of 12013 and 123.
41
What is the highest common factor of 15 and 35?
5
What is the highest common factor of 414 and 54?
18
Calculate the highest common divisor of 81 and 837.
27
Calculate the highest common divisor of 876 and 12.
12
What is the highest common factor of 3616 and 565?
113
Calculate the greatest common factor of 885 and 255.
15
What is the highest common factor of 189 and 5103?
189
Calculate the greatest common divisor of 230 and 92.
46
Calculate the greatest common divisor of 297 and 216.
27
What is the highest common factor of 7651 and 7?
7
What is the greatest common divisor of 34 and 527?
17
Calculate the greatest common divisor of 891 and 11.
11
What is the greatest common divisor of 95 and 342?
19
What is the greatest common factor of 280 and 2?
2
What is the greatest common divisor of 1250 and 10?
10
What is the greatest common factor of 700 and 35?
35
Calculate the greatest common factor of 24448 and 382.
382
What is the highest common factor of 87 and 783?
87
What is the greatest common divisor of 165 and 473?
11
Calculate the greatest common divisor of 64 and 1184.
32
What is the highest common divisor of 1332 and 306?
18
Calculate the highest common factor of 248 and 6696.
248
Calculate the greatest common divisor of 546 and 462.
42
What is the greatest common divisor of 11016 and 12?
12
Calculate the greatest common factor of 2726 and 406.
58
What is the greatest common factor of 187 and 51?
17
Calculate the greatest common factor of 374 and 272.
34
Calculate the greatest common factor of 395 and 125.
5
What is the highest common factor of 95 and 38?
19
Calculate the highest common divisor of 69 and 15.
3
What is the greatest common divisor of 168 and 5670?
42
What is the highest common factor of 66 and 1331?
11
Calculate the greatest common factor of 393 and 3.
3
What is the greatest common divisor of 442 and 1066?
26
What is the highest common factor of 999 and 45?
9
Calculate the highest common factor of 93 and 26381.
31
Calculate the highest common divisor of 54 and 8.
2
What is the greatest common divisor of 11 and 286?
11
Calculate the greatest common factor of 102 and 221.
17
What is the greatest common factor of 4325 and 346?
173
What is the greatest common divisor of 402 and 2144?
134
Calculate the highest common divisor of 22660 and 55.
55
Calculate the greatest common divisor of 442 and 26.
26
Calculate the greatest common divisor of 15 and 1920.
15
What is the highest common factor of 304 and 266?
38
Calculate the highest common divisor of 3 and 6081.
3
What is the highest common divisor of 2162 and 276?
46
What is the highest common divisor of 6 and 12?
6
Calculate the greatest common divisor of 6752 and 1477.
211
Calculate the highest common factor of 72 and 7980.
12
Calculate the highest common factor of 208 and 12584.
104
Calculate the greatest common divisor of 36295 and 170.
85
Calculate the greatest common divisor of 12 and 204.
12
Calculate the highest common divisor of 1144 and 546.
26
Calculate the greatest common factor of 22 and 428.
2
Calculate the highest common factor of 10 and 15.
5
Calculate the greatest common divisor of 402 and 56481.
201
Calculate the greatest common divisor of 15 and 255.
15
Calculate the greatest common factor of 104 and 11024.
104
What is the greatest common factor of 494 and 38?
38
What is the greatest common factor of 112 and 304?
16
Calculate the greatest common divisor of 1026 and 54.
54
What is the highest common divisor of 72 and 48?
24
Calculate the greatest common divisor of 900 and 110.
10
What is the highest common factor of 5183 and 142?
71
What is the greatest common factor of 40 and 1240?
40
What is the greatest common divisor of 8165 and 138?
23
What is the highest common divisor of 1577 and 83?
83
What is the highest common divisor of 41 and 7913?
41
Calculate the highest common factor of 95 and 51490.
95
Calculate the highest common divisor of 803 and 6935.
73
Calculate the highest common divisor of 32177 and 23.
23
What is the highest common factor of 247 and 702?
13
Calculate the highest common divisor of 207 and 9.
9
Calculate the greatest common divisor of 48706 and 28.
14
What is the highest common divisor of